{"id":817,"date":"2020-12-08T09:06:11","date_gmt":"2020-12-08T08:06:11","guid":{"rendered":"http:\/\/p4s.polsl.pl\/?page_id=817"},"modified":"2021-01-04T13:09:22","modified_gmt":"2021-01-04T12:09:22","slug":"powerowe-wsparcie-szkoleniowe","status":"publish","type":"page","link":"https:\/\/p4s.polsl.pl\/?page_id=817","title":{"rendered":"POWERowe wsparcie szkoleniowe"},"content":{"rendered":"\n\n\n<ul class=\"is-layout-flex wp-block-gallery-1 wp-block-gallery columns-1 is-cropped\"><li class=\"blocks-gallery-item\"><figure><img decoding=\"async\" loading=\"lazy\" width=\"1024\" height=\"188\" src=\"http:\/\/p4s.polsl.pl\/wp-content\/uploads\/2019\/08\/image-26-1024x188.png\" alt=\"\" data-id=\"301\" data-link=\"http:\/\/p4s.polsl.pl\/?attachment_id=301\" class=\"wp-image-301\" srcset=\"https:\/\/p4s.polsl.pl\/wp-content\/uploads\/2019\/08\/image-26-1024x188.png 1024w, https:\/\/p4s.polsl.pl\/wp-content\/uploads\/2019\/08\/image-26-400x74.png 400w, https:\/\/p4s.polsl.pl\/wp-content\/uploads\/2019\/08\/image-26-768x141.png 768w, https:\/\/p4s.polsl.pl\/wp-content\/uploads\/2019\/08\/image-26.png 1121w\" sizes=\"(max-width: 1024px) 100vw, 1024px\" \/><\/figure><\/li><\/ul>\n\n\n\n<p style=\"text-align: justify;\">W ramach Projektu realizowana jest darmowa oferta szkoleniowa, skierowana do wszystkich pracownik\u00f3w Politechniki \u015al\u0105skiej, nieb\u0119d\u0105cych nauczycielami akademickimi, zajmuj\u0105cych stanowiska kierownicze oraz administracyjne, a tak\u017ce do wszystkich pracownik\u00f3w naukowo-dydaktycznych, kt\u00f3rzy jednocze\u015bnie zajmuj\u0105 stanowiska kierownicze lub administracyjne.<\/p>\n\n\n\n<h2 style=\"text-align: justify;\"><strong><span style=\"color: #ff6600;\">W ramach Projektu mo\u017cna skorzysta\u0107 z doskonalenia na zewn\u0119trznych i wewn\u0119trznych kursach\/szkoleniach z czterech obszar\u00f3w:<\/span><\/strong><\/h2>\n\n\n\n<p style=\"text-align: left;\"><strong>Obszar 1. Zarz\u0105dzanie zespo\u0142em (kursy\/szkolenia zewn\u0119trzne)<\/strong><br \/><strong>Obszar 2. Zarz\u0105dzanie finansami (kursy\/szkolenia zewn\u0119trzne)<\/strong><br \/><strong>Obszar 3. Absorpcja \u015brodk\u00f3w finansowych\u00a0 \u00a0 \u00a0 \u00a0 \u00a0 \u00a0 \u00a0 \u00a0 \u00a0 \u00a0 \u00a0 \u00a0 \u00a0 \u00a0 \u00a0 \u00a0 \u00a0 \u00a0 \u00a0 \u00a0 \u00a0 \u00a0 \u00a0 \u00a0 \u00a0 \u00a0 \u00a0 \u00a0 \u00a0 \u00a0 \u00a0 \u00a0 \u00a0 \u00a0 \u00a0 \u00a0 \u00a0 \u00a0 \u00a0 \u00a0 <\/strong><strong>\u00a0 \u00a0 \u00a0 \u00a0 \u00a0 \u00a0<\/strong><strong>(kursy\/szkolenia zewn\u0119trzne i wewn\u0119trzne)<\/strong><br \/><strong>Obszar 4. Zarz\u0105dzanie informacj\u0105 (kursy\/szkolenia zewn\u0119trzne)<br \/><\/strong><\/p>\n<hr \/>\n<p style=\"text-align: left;\">\u00a0<\/p>\n\n\n\n<h1 style=\"text-align: left;\"><span style=\"color: #ff0000;\"><strong>UWAGA! Specjalna oferta dla kadry administracyjnej i kierowniczej w projekcie POWER P4S!<\/strong><\/span><\/h1>\n\n\n\n<p style=\"text-align: justify;\"><strong>Zapisz si\u0119 na profesjonalne darmowe szkolenie w zakresie wyst\u0105pie\u0144 publicznych oraz medialnych! <\/strong><\/p>\n\n\n\n<p style=\"text-align: justify;\"><span style=\"color: #99cc00;\"><strong>S\u0105 jeszcze wolne miejsca!<\/strong><\/span><\/p>\n\n\n\n<p style=\"text-align: justify;\">\u017byjemy w czasach, w kt\u00f3rych autoprezentacja jest niezwykle wa\u017cnym czynnikiem naszej pracy zawodowej i nierzadko kontakt\u00f3w towarzyskich. Jak Ci\u0119 widz\u0105, tak Ci\u0119 pisz\u0105 &#8211; to powiedzenie bardzo aktualne w dzisiejszym \u015bwiecie. Warto wi\u0119c zwr\u00f3ci\u0107 uwag\u0119 nie tylko na to co i jak m\u00f3wimy, ale r\u00f3wnie\u017c co przekazujemy drog\u0105 pozawerbaln\u0105.<\/p>\n\n\n\n<p style=\"text-align: justify;\">Profesjonali\u015bci r\u00f3\u017cnych bran\u017c bardzo cz\u0119sto wyst\u0119puj\u0105 w mediach. Niekt\u00f3rych to przera\u017ca, inni czuj\u0105 si\u0119 jak ryba w wodzie. Jednak w obu przypadkach w\u0142a\u015bciwe przygotowanie jest konieczne.<\/p>\n\n\n\n<p style=\"text-align: justify;\">Zdaj\u0105c sobie spraw\u0119 z takich potrzeb proponujemy Pa\u0144stwu udzia\u0142 w szkoleniu, na kt\u00f3rym poka\u017cemy jak si\u0119 dobrze prezentowa\u0107 podczas wyst\u0105pie\u0144 publicznych oraz medialnych i\u00a0sprawi\u0107, \u017ceby trema nie zepsu\u0142a naszego wyst\u0105pienia.<\/p>\n\n\n\n<p><span style=\"color: #99cc00;\"><strong>Liczba miejsc ograniczona!<\/strong><\/span><\/p>\n\n\n\n<p><strong>Szczeg\u00f3\u0142y dotycz\u0105ce szkolenia:<\/strong><\/p>\n\n\n\n<ul><li>Zakres szkolenia obejmuje tematy:<ul><li><strong>Autoprezentacja i wyst\u0105pienia publiczne (4 godz.)<\/strong><\/li><li><strong>Wsp\u00f3\u0142praca z mediami i wyst\u0105pienia medialne (2 godz.)<\/strong><\/li><\/ul><\/li><li>Forma szkolenia: online<\/li><li>Czas trwania szkolenia: 6 godzin lekcyjnych<\/li><li>Termin szkolenia: 18 i 20 stycznia 2021 r. w godzinach 12.45 \u2013 15.00<\/li><\/ul>\n\n\n\n<p>Co nale\u017cy zrobi\u0107, aby\nwzi\u0105\u0107 udzia\u0142 w szkoleniu? To proste:<\/p>\n\n\n\n<ul><li>Wy\u015blij maila z wiadomo\u015bci\u0105 o ch\u0119ci udzia\u0142u w szkoleniu <strong>do dnia 14 stycznia 2021 r. <\/strong>na adres Karolina.Kowalska@polsl.pl<\/li><li>Otrzymasz w odpowiedzi dokumenty rekrutacyjne, kt\u00f3re nale\u017cy wype\u0142ni\u0107 i przekaza\u0107 zgodnie z instrukcj\u0105<\/li><\/ul>\n\n\n\n<hr \/>\n<p>\u00a0<\/p>\n\n\n\n<p><\/p>\n\n\n\n<h2><span style=\"color: #ff6600;\"><strong>Dotychczas zrealizowano nast\u0119puj\u0105ce szkolenia:<\/strong><\/span><\/h2>\n\n\n\n<h3><span style=\"color: #000080;\"><strong>1. &#8222;Podstawy cyberbezpiecze\u0144stwa dla os\u00f3b nietechnicznych&#8221;<\/strong><\/span><\/h3>\n\n\n\n<ul>\n<li style=\"text-align: justify;\">Szkolenie zorganizowane przez Instytut Audytor\u00f3w Wewn\u0119trznych IIA Polska w dniach 21-22.09.2020 r.<\/li>\n<li style=\"text-align: justify;\">W szkoleniu udzia\u0142 wzi\u0119\u0142y dwie osoby zatrudnione w Biurze Audytora i Kontroli Wewn\u0119trznej.<\/li>\n<li style=\"text-align: justify;\">Zakres szkolenia obejmowa\u0142 miedzy innymi nast\u0119puj\u0105ce zagadnienia:<\/li>\n<li style=\"text-align: justify;\">Wprowadzenie do cyberbezpiecze\u0144stwa;&nbsp;<\/li>\n<li style=\"text-align: justify;\">Wymogi i standardy cyberbezpiecze\u0144stwa;<\/li>\n<li style=\"text-align: justify;\">Koncepcja i architektura cyberbezpiecze\u0144stwa;&nbsp;<\/li>\n<li style=\"text-align: justify;\">Urz\u0105dzenia sieci, systemy, aplikacje, bazy danych;<\/li>\n<li style=\"text-align: justify;\">Zagro\u017cenia bezpiecze\u0144stwa i zarz\u0105dzanie ryzykiem bezpiecze\u0144stwa;<\/li>\n<li style=\"text-align: justify;\">Bezpiecze\u0144stwo sieci, system\u00f3w, aplikacji, danych;<\/li>\n<li style=\"text-align: justify;\">Zarz\u0105dzanie incydentami i ci\u0105g\u0142o\u015bci\u0105 dzia\u0142ania;<\/li>\n<li style=\"text-align: justify;\">Testy bezpiecze\u0144stwa.<\/li>\n<\/ul>\n\n\n\n<h3 style=\"text-align: justify;\"><span style=\"color: #000080;\"><strong>2. Szkolenie &#8222;Przekonywanie bez pokonywania&#8221;&nbsp;<\/strong><\/span><\/h3>\n\n\n\n<ul>\n<li style=\"text-align: justify;\">organizowane przez Fundacj\u0119 Szko\u0142a Lider\u00f3w w dniach 21-23.09.2020 r.&nbsp;<\/li>\n<li style=\"text-align: justify;\">W szkoleniu udzia\u0142 wzi\u0119\u0142o 15 os\u00f3b.<\/li>\n<li style=\"text-align: justify;\">Zakres tematyczny szkolenia obejmowa\u0142 takie zagadnienia, jak:<\/li>\n<li style=\"text-align: justify;\">B\u0142\u0119dy perswazyjne;<\/li>\n<li style=\"text-align: justify;\">Wprowadzenie do podej\u015bcia &#8222;Przekonywanie bez pokonywania&#8221;;<\/li>\n<li style=\"text-align: justify;\">Narz\u0119dzia perswazyjne &#8211; co u\u0142atwia nam przekonywanie? Jak przygotowa\u0107 si\u0119 do dyskusji?;<\/li>\n<li style=\"text-align: justify;\">Trudne sytuacje komunikacyjne, czyli jak radzi\u0107 sobie ze sposobami erystycznymi?;<\/li>\n<li style=\"text-align: justify;\">Autoprezentacja.<\/li>\n<\/ul>\n\n\n\n<h3 style=\"text-align: justify;\"><span style=\"color: #000080;\"><strong>3. Kurs j\u0119zyka angielskiego &#8222;<\/strong><strong>English in communication and information management&#8221;&nbsp;<\/strong><\/span><\/h3>\n\n\n\n<ul>\n<li style=\"text-align: justify;\">prowadzony przez pracownika Studium J\u0119zyk\u00f3w Obcych.<\/li>\n<li style=\"text-align: justify;\">Kurs obejmuje 70 godzin dydaktycznych i odbywa si\u0119 w terminie od listopada 2020 do czerwca 2021 dwa razy w tygodniu po 45 minut.\u00a0<\/li>\n<li style=\"text-align: justify;\">W kursie bior\u0105 udzia\u0142 3 osoby.<\/li>\n<\/ul>\n\n\n\n<ul class=\"is-layout-flex wp-block-gallery-3 wp-block-gallery columns-1 is-cropped\"><li class=\"blocks-gallery-item\"><figure><img decoding=\"async\" loading=\"lazy\" width=\"1024\" height=\"195\" src=\"http:\/\/p4s.polsl.pl\/wp-content\/uploads\/2019\/08\/image-33-1024x195.png\" alt=\"\" data-id=\"318\" data-link=\"http:\/\/p4s.polsl.pl\/?attachment_id=318\" class=\"wp-image-318\" srcset=\"https:\/\/p4s.polsl.pl\/wp-content\/uploads\/2019\/08\/image-33-1024x195.png 1024w, https:\/\/p4s.polsl.pl\/wp-content\/uploads\/2019\/08\/image-33-400x76.png 400w, https:\/\/p4s.polsl.pl\/wp-content\/uploads\/2019\/08\/image-33-768x146.png 768w, https:\/\/p4s.polsl.pl\/wp-content\/uploads\/2019\/08\/image-33.png 1121w\" sizes=\"(max-width: 1024px) 100vw, 1024px\" \/><\/figure><\/li><\/ul>\n","protected":false},"excerpt":{"rendered":"<p>W ramach Projektu realizowana jest darmowa oferta szkoleniowa, skierowana do wszystkich pracownik\u00f3w Politechniki \u015al\u0105skiej, nieb\u0119d\u0105cych nauczycielami akademickimi, zajmuj\u0105cych stanowiska kierownicze oraz administracyjne, a tak\u017ce do wszystkich pracownik\u00f3w naukowo-dydaktycznych, kt\u00f3rzy jednocze\u015bnie zajmuj\u0105 stanowiska kierownicze lub administracyjne. W ramach Projektu mo\u017cna skorzysta\u0107 &hellip; <a href=\"https:\/\/p4s.polsl.pl\/?page_id=817\">Czytaj dalej <span class=\"meta-nav\">&rarr;<\/span><\/a><\/p>\n","protected":false},"author":1,"featured_media":0,"parent":0,"menu_order":0,"comment_status":"closed","ping_status":"closed","template":"","meta":[],"_links":{"self":[{"href":"https:\/\/p4s.polsl.pl\/index.php?rest_route=\/wp\/v2\/pages\/817"}],"collection":[{"href":"https:\/\/p4s.polsl.pl\/index.php?rest_route=\/wp\/v2\/pages"}],"about":[{"href":"https:\/\/p4s.polsl.pl\/index.php?rest_route=\/wp\/v2\/types\/page"}],"author":[{"embeddable":true,"href":"https:\/\/p4s.polsl.pl\/index.php?rest_route=\/wp\/v2\/users\/1"}],"replies":[{"embeddable":true,"href":"https:\/\/p4s.polsl.pl\/index.php?rest_route=%2Fwp%2Fv2%2Fcomments&post=817"}],"version-history":[{"count":17,"href":"https:\/\/p4s.polsl.pl\/index.php?rest_route=\/wp\/v2\/pages\/817\/revisions"}],"predecessor-version":[{"id":928,"href":"https:\/\/p4s.polsl.pl\/index.php?rest_route=\/wp\/v2\/pages\/817\/revisions\/928"}],"wp:attachment":[{"href":"https:\/\/p4s.polsl.pl\/index.php?rest_route=%2Fwp%2Fv2%2Fmedia&parent=817"}],"curies":[{"name":"wp","href":"https:\/\/api.w.org\/{rel}","templated":true}]}}