{"id":677,"date":"2020-06-16T11:10:14","date_gmt":"2020-06-16T09:10:14","guid":{"rendered":"http:\/\/p4s.polsl.pl\/?page_id=677"},"modified":"2023-06-12T07:18:11","modified_gmt":"2023-06-12T05:18:11","slug":"dokumenty-rekrutacyjne","status":"publish","type":"page","link":"https:\/\/p4s.polsl.pl\/?page_id=677","title":{"rendered":"Dokumenty rekrutacyjne"},"content":{"rendered":"\n<figure class=\"wp-block-image\"><img decoding=\"async\" src=\"http:\/\/p4s.polsl.pl\/wp-content\/uploads\/2019\/08\/image-28-1024x188.png\" alt=\"Obrazek posiada pusty atrybut alt; plik o nazwie image-28-1024x188.png\"\/><\/figure>\n\n\n\n\n\n<table>\n<tbody>\n<tr>\n<td>\n<h3><strong>Poni\u017csze dokumenty obowi\u0105zuj\u0105 od\u00a003.04.2023\u00a0r.<\/strong><\/h3>\n<\/td>\n<\/tr>\n<\/tbody>\n<\/table>\n\n<h1 class=\"entry-title\"><span style=\"color: #ff6600;\"><strong>Dokumenty<\/strong> <strong>rekrutacyjne \u2013 szkolenia<\/strong><\/span><\/h1>\n<p>\u00a0<\/p>\n<h2><strong>REGULAMIN MODU\u0141U VI:<\/strong><\/h2>\n<p>\u00a0<\/p>\n<div class=\"wp-block-file\"><a id=\"wp-block-file--media-01717ef8-f3ec-4131-8272-db8d3d820eab\" href=\"https:\/\/p4s.polsl.pl\/wp-content\/uploads\/2023\/04\/Zal-nr-4-do-Reg_Proj_Regulamin-modul-VI_Podniesienie-kompetencji-kadry-PolSl_POWER-3.pdf\" target=\"_blank\" rel=\"noreferrer noopener\">Zal-nr-4-do-Reg_Proj_Regulamin-modul-VI_Podniesienie-kompetencji-kadry-PolSl_POWER-3<\/a><a class=\"wp-block-file__button wp-element-button\" href=\"https:\/\/p4s.polsl.pl\/wp-content\/uploads\/2023\/04\/Zal-nr-4-do-Reg_Proj_Regulamin-modul-VI_Podniesienie-kompetencji-kadry-PolSl_POWER-3.pdf\" download=\"\" aria-describedby=\"wp-block-file--media-01717ef8-f3ec-4131-8272-db8d3d820eab\">Pobierz<\/a><\/div>\n<h2>\u00a0<\/h2>\n<h2><strong>DOKUMENTY REKRUTACYJNE NA SZKOLENIE:<\/strong><\/h2>\n\n<p>\u00a0<\/p>\n\n<div class=\"wp-block-file\"><a id=\"wp-block-file--media-0b2540d4-837e-4b6e-b758-fd29294bd91a\" href=\"https:\/\/p4s.polsl.pl\/wp-content\/uploads\/2023\/04\/Zal-nr-4a-do-Reg_Proj_MVI_Formularz-zgloszeniowy-pracownik-ZISW_Szkolenie-4.docx\" target=\"_blank\" rel=\"noreferrer noopener\">Zal-nr-4a-do-Reg_Proj_MVI_Formularz-zgloszeniowy-pracownik-ZISW_Szkolenie-4<\/a><a class=\"wp-block-file__button wp-element-button\" href=\"https:\/\/p4s.polsl.pl\/wp-content\/uploads\/2023\/04\/Zal-nr-4a-do-Reg_Proj_MVI_Formularz-zgloszeniowy-pracownik-ZISW_Szkolenie-4.docx\" download=\"\" aria-describedby=\"wp-block-file--media-0b2540d4-837e-4b6e-b758-fd29294bd91a\">Pobierz<\/a><\/div>\n\n<div class=\"wp-block-file\"><a id=\"wp-block-file--media-4d9c74a6-190f-45c0-956b-7f5918d34a7e\" href=\"https:\/\/p4s.polsl.pl\/wp-content\/uploads\/2023\/04\/Zal-nr-4b-do-Reg_Proj_MVI_Oswiadczenie-o-zajmowanym-stanowisku-ZISW_Szkolenie-4.docx\" target=\"_blank\" rel=\"noreferrer noopener\">Zal-nr-4b-do-Reg_Proj_MVI_Oswiadczenie-o-zajmowanym-stanowisku-ZISW_Szkolenie-4<\/a><a class=\"wp-block-file__button wp-element-button\" href=\"https:\/\/p4s.polsl.pl\/wp-content\/uploads\/2023\/04\/Zal-nr-4b-do-Reg_Proj_MVI_Oswiadczenie-o-zajmowanym-stanowisku-ZISW_Szkolenie-4.docx\" download=\"\" aria-describedby=\"wp-block-file--media-4d9c74a6-190f-45c0-956b-7f5918d34a7e\">Pobierz<\/a><\/div>\n\n<div class=\"wp-block-file\"><a id=\"wp-block-file--media-b9fd7411-4631-40a7-b91b-d913b946f06e\" href=\"https:\/\/p4s.polsl.pl\/wp-content\/uploads\/2023\/04\/Zal-nr-4c-do-Reg_Proj_MVI_Oswiadczenie-o-braku-udzialu-w-projektach-podnoszacych-kompetencje-ZISW_Szkolenie-4.docx\" target=\"_blank\" rel=\"noreferrer noopener\">Zal-nr-4c-do-Reg_Proj_MVI_Oswiadczenie-o-braku-udzialu-w-projektach-podnoszacych-kompetencje-ZISW_Szkolenie-4<\/a><a class=\"wp-block-file__button wp-element-button\" href=\"https:\/\/p4s.polsl.pl\/wp-content\/uploads\/2023\/04\/Zal-nr-4c-do-Reg_Proj_MVI_Oswiadczenie-o-braku-udzialu-w-projektach-podnoszacych-kompetencje-ZISW_Szkolenie-4.docx\" download=\"\" aria-describedby=\"wp-block-file--media-b9fd7411-4631-40a7-b91b-d913b946f06e\">Pobierz<\/a><\/div>\n\n<div class=\"wp-block-file\"><a id=\"wp-block-file--media-e417e452-a144-4f0e-b10c-e59b27478e7b\" href=\"https:\/\/p4s.polsl.pl\/wp-content\/uploads\/2023\/04\/Zal-nr-4e-do-Reg_Proj_MVI_Opis-mozliwosci-wykorzystania-nowych-kompetencji-na-stanowisku-ZISW_Szkolenie-5.docx\" target=\"_blank\" rel=\"noreferrer noopener\">Zal-nr-4e-do-Reg_Proj_MVI_Opis-mozliwosci-wykorzystania-nowych-kompetencji-na-stanowisku-ZISW_Szkolenie-5<\/a><a class=\"wp-block-file__button wp-element-button\" href=\"https:\/\/p4s.polsl.pl\/wp-content\/uploads\/2023\/04\/Zal-nr-4e-do-Reg_Proj_MVI_Opis-mozliwosci-wykorzystania-nowych-kompetencji-na-stanowisku-ZISW_Szkolenie-5.docx\" download=\"\" aria-describedby=\"wp-block-file--media-e417e452-a144-4f0e-b10c-e59b27478e7b\">Pobierz<\/a><\/div>\n\n<div class=\"wp-block-file\"><a id=\"wp-block-file--media-29164774-3abb-4bf3-9de5-c1e1a911b89f\" href=\"https:\/\/p4s.polsl.pl\/wp-content\/uploads\/2023\/04\/Zal-nr-5-do-Reg_Proj_Deklaracja-uczestnictwa-4.docx\" target=\"_blank\" rel=\"noreferrer noopener\">Zal-nr-5-do-Reg_Proj_Deklaracja-uczestnictwa-4<\/a><a class=\"wp-block-file__button wp-element-button\" href=\"https:\/\/p4s.polsl.pl\/wp-content\/uploads\/2023\/04\/Zal-nr-5-do-Reg_Proj_Deklaracja-uczestnictwa-4.docx\" download=\"\" aria-describedby=\"wp-block-file--media-29164774-3abb-4bf3-9de5-c1e1a911b89f\">Pobierz<\/a><\/div>\n\n<div class=\"wp-block-file\"><a id=\"wp-block-file--media-22caa4b4-8827-4b1e-b721-f8ec163a0660\" href=\"https:\/\/p4s.polsl.pl\/wp-content\/uploads\/2023\/04\/Zal-nr-6-do-Reg_Proj_Formularz-monitorowania-uczestnictwa_Szkolenie-5.docx\">Zal-nr-6-do-Reg_Proj_Formularz-monitorowania-uczestnictwa_Szkolenie-5<\/a><a class=\"wp-block-file__button wp-element-button\" href=\"https:\/\/p4s.polsl.pl\/wp-content\/uploads\/2023\/04\/Zal-nr-6-do-Reg_Proj_Formularz-monitorowania-uczestnictwa_Szkolenie-5.docx\" download=\"\" aria-describedby=\"wp-block-file--media-22caa4b4-8827-4b1e-b721-f8ec163a0660\">Pobierz<\/a><\/div>\n\n<div class=\"wp-block-file\"><a id=\"wp-block-file--media-72ef0e04-9b04-4c79-9ce9-96adccd63ff4\" href=\"https:\/\/p4s.polsl.pl\/wp-content\/uploads\/2023\/04\/Zal-nr-7-do-Reg_Proj_Oswiadczenie-uczestnika-projektu-1-5.pdf\" target=\"_blank\" rel=\"noreferrer noopener\">Zal-nr-7-do-Reg_Proj_Oswiadczenie-uczestnika-projektu-1-5<\/a><a class=\"wp-block-file__button wp-element-button\" href=\"https:\/\/p4s.polsl.pl\/wp-content\/uploads\/2023\/04\/Zal-nr-7-do-Reg_Proj_Oswiadczenie-uczestnika-projektu-1-5.pdf\" download=\"\" aria-describedby=\"wp-block-file--media-72ef0e04-9b04-4c79-9ce9-96adccd63ff4\">Pobierz<\/a><\/div>\n\n<div class=\"wp-block-file\"><a id=\"wp-block-file--media-3924c80e-aafb-4466-aaa8-91c529f96390\" href=\"https:\/\/p4s.polsl.pl\/wp-content\/uploads\/2023\/04\/ProtokolzprzeprowadzeniarozeznaniacenowegoPRC.rtf\" target=\"_blank\" rel=\"noreferrer noopener\">ProtokolzprzeprowadzeniarozeznaniacenowegoPRC<\/a><a class=\"wp-block-file__button wp-element-button\" href=\"https:\/\/p4s.polsl.pl\/wp-content\/uploads\/2023\/04\/ProtokolzprzeprowadzeniarozeznaniacenowegoPRC.rtf\" download=\"\" aria-describedby=\"wp-block-file--media-3924c80e-aafb-4466-aaa8-91c529f96390\">Pobierz<\/a><\/div>\n\n<p style=\"text-align: justify;\"><span style=\"color: #ff0000;\"><strong>Do protoko\u0142u z przeprowadzonego rozeznania cenowego nale\u017cy do\u0142\u0105czy\u0107 min. 3 oferty (np. print screen strony z ofert\u0105, mail z ofert\u0105, skan oferty itp.). Nale\u017cy pami\u0119ta\u0107 by kwoty zawarte w protokole by\u0142y kwotami netto &#8211; 0% Vat. <\/strong><\/span><\/p>\n\n<div class=\"wp-block-file\"><a id=\"wp-block-file--media-7a9f0262-3097-4c6c-832b-426cfbff10a8\" href=\"https:\/\/p4s.polsl.pl\/wp-content\/uploads\/2023\/05\/Zal-nr-4g-do-Reg_Proj_MVI_Umowa-uczestnictwa-w-projekcie-ZISW-aktualizacja-z-27_04_2023-1.pdf\" target=\"_blank\" rel=\"noreferrer noopener\">Zal-nr-4g-do-Reg_Proj_MVI_Umowa-uczestnictwa-w-projekcie-ZISW-aktualizacja-z-27_04_2023-1<\/a><a class=\"wp-block-file__button wp-element-button\" href=\"https:\/\/p4s.polsl.pl\/wp-content\/uploads\/2023\/05\/Zal-nr-4g-do-Reg_Proj_MVI_Umowa-uczestnictwa-w-projekcie-ZISW-aktualizacja-z-27_04_2023-1.pdf\" download=\"\" aria-describedby=\"wp-block-file--media-7a9f0262-3097-4c6c-832b-426cfbff10a8\">Pobierz<\/a><\/div>\n\n<p><span style=\"color: #ff0000;\"><strong>(w 2 egzemplarzach)<\/strong><\/span><\/p>\n\n<div class=\"wp-block-file\"><a id=\"wp-block-file--media-283e33f1-b050-47b2-bb66-cf1306011c20\" href=\"https:\/\/p4s.polsl.pl\/wp-content\/uploads\/2023\/04\/Zal-nr-4h-do-Reg_Proj_MVI_Test-kompetencyjny-ZISW_Szkolenie.docx\" target=\"_blank\" rel=\"noreferrer noopener\">Zal-nr-4h-do-Reg_Proj_MVI_Test-kompetencyjny-ZISW_Szkolenie<\/a><a class=\"wp-block-file__button wp-element-button\" href=\"https:\/\/p4s.polsl.pl\/wp-content\/uploads\/2023\/04\/Zal-nr-4h-do-Reg_Proj_MVI_Test-kompetencyjny-ZISW_Szkolenie.docx\" download=\"\" aria-describedby=\"wp-block-file--media-283e33f1-b050-47b2-bb66-cf1306011c20\">Pobierz<\/a><\/div>\n\n<p><span style=\"color: #ff0000;\"><strong>(przed szkoleniem)<\/strong><\/span><\/p>\n<h2>\u00a0<\/h2>\n<h2 style=\"text-align: justify;\"><span style=\"color: #000000;\"><strong>Po zako\u0144czonym szkoleniu nale\u017cy przekaza\u0107 do Biura Projektu wype\u0142niony i podpisany Test kompetencji oraz certyfikat\/za\u015bwiadczenie z udzia\u0142u w szkoleniu<\/strong><\/span><\/h2>\n\n<div class=\"wp-block-file\"><a id=\"wp-block-file--media-3502dc5d-ddc1-41d8-b4a5-b9410005d058\" href=\"https:\/\/p4s.polsl.pl\/wp-content\/uploads\/2023\/04\/Zal-nr-4h-do-Reg_Proj_MVI_Test-kompetencyjny-ZISW_Szkolenie-1.docx\" target=\"_blank\" rel=\"noreferrer noopener\">Zal-nr-4h-do-Reg_Proj_MVI_Test-kompetencyjny-ZISW_Szkolenie-1<\/a><a class=\"wp-block-file__button wp-element-button\" href=\"https:\/\/p4s.polsl.pl\/wp-content\/uploads\/2023\/04\/Zal-nr-4h-do-Reg_Proj_MVI_Test-kompetencyjny-ZISW_Szkolenie-1.docx\" download=\"\" aria-describedby=\"wp-block-file--media-3502dc5d-ddc1-41d8-b4a5-b9410005d058\">Pobierz<\/a><\/div>\n\n<p><span style=\"color: #ff0000;\"><strong>(po szkoleniu)<\/strong><\/span><\/p>\n\n<p>\u00a0<\/p>\n\n<p style=\"text-align: justify;\"><span style=\"color: #008000;\">Faktura od firmy z kwot\u0105 netto (zwolnienie z podatku Vat)- je\u017celi firma potrzebuje za\u015bwiadczenie o zwolnieniu Politechniki \u015al\u0105skiej z podatku Vat prosimy o kontakt z Pani\u0105 Mart\u0105 Czerneck\u0105.<\/span><\/p>\n<p>\u00a0<\/p>\n<h3 style=\"text-align: justify;\"><span style=\"color: #008000;\">Podpisan\u0105 i wype\u0142nion\u0105 <strong>dokumentacj\u0119 rekrutacyjn\u0105 nale\u017cy z\u0142o\u017cy\u0107<\/strong> w Biurze Projektu znajduj\u0105cym si\u0119 na <strong>ul. Konarskiego 22B, pok. 607 do Pani Edyty Ba\u0144ka<\/strong>. W sprawach zwi\u0105zanych z ofertami szkole\u0144, rozeznaniem cenowym oraz fakturami prosimy o kontakt z Pani\u0105 Mart\u0105 Czerneck\u0105.<\/span><\/h3>\n\n<div class=\"wp-block-file\">\u00a0<\/div>\n<div class=\"wp-block-file\">\u00a0<\/div>\n<div class=\"wp-block-file\">\u00a0<\/div>\n<h1><strong><span style=\"color: #ff6600;\">Dokumenty<\/span><\/strong><span style=\"color: #ff6600;\"> rek<\/span><strong><span style=\"color: #ff6600;\">rutacyjne &#8211; MBA<\/span><\/strong><\/h1>\n<p>\u00a0<\/p>\n\n\n\n<div class=\"wp-block-file\"><a id=\"wp-block-file--media-a33d667c-4097-46ca-ac02-a5bb1f68c4b5\" href=\"https:\/\/p4s.polsl.pl\/wp-content\/uploads\/2023\/04\/Zal-nr-4a-do-Reg_Proj_MVI_Formularz-zgloszeniowy-pracownik-ZISW_MBA-1.docx\">Zal-nr-4a-do-Reg_Proj_MVI_Formularz-zgloszeniowy-pracownik-ZISW_MBA-1<\/a><a href=\"https:\/\/p4s.polsl.pl\/wp-content\/uploads\/2023\/04\/Zal-nr-4a-do-Reg_Proj_MVI_Formularz-zgloszeniowy-pracownik-ZISW_MBA-1.docx\" class=\"wp-block-file__button wp-element-button\" download aria-describedby=\"wp-block-file--media-a33d667c-4097-46ca-ac02-a5bb1f68c4b5\">Pobierz<\/a><\/div>\n\n\n\n<div class=\"wp-block-file\"><a id=\"wp-block-file--media-7c947e68-b0f6-420f-93d5-93b1c5bc683a\" href=\"https:\/\/p4s.polsl.pl\/wp-content\/uploads\/2023\/04\/Zal-nr-4b-do-Reg_Proj_MVI_Oswiadczenie-o-zajmowanym-stanowisku-ZISW_MBA.docx\">Zal-nr-4b-do-Reg_Proj_MVI_Oswiadczenie-o-zajmowanym-stanowisku-ZISW_MBA<\/a><a href=\"https:\/\/p4s.polsl.pl\/wp-content\/uploads\/2023\/04\/Zal-nr-4b-do-Reg_Proj_MVI_Oswiadczenie-o-zajmowanym-stanowisku-ZISW_MBA.docx\" class=\"wp-block-file__button wp-element-button\" download aria-describedby=\"wp-block-file--media-7c947e68-b0f6-420f-93d5-93b1c5bc683a\">Pobierz<\/a><\/div>\n\n\n\n<div class=\"wp-block-file\"><a id=\"wp-block-file--media-503e242e-ee9d-47ae-9c01-8adbbb11077f\" href=\"https:\/\/p4s.polsl.pl\/wp-content\/uploads\/2023\/04\/Zal-nr-4c-do-Reg_Proj_MVI_Oswiadczenie-o-braku-udzialu-w-projektach-podnoszacych-kompetencje-ZISW_MBA.docx\">Zal-nr-4c-do-Reg_Proj_MVI_Oswiadczenie-o-braku-udzialu-w-projektach-podnoszacych-kompetencje-ZISW_MBA<\/a><a href=\"https:\/\/p4s.polsl.pl\/wp-content\/uploads\/2023\/04\/Zal-nr-4c-do-Reg_Proj_MVI_Oswiadczenie-o-braku-udzialu-w-projektach-podnoszacych-kompetencje-ZISW_MBA.docx\" class=\"wp-block-file__button wp-element-button\" download aria-describedby=\"wp-block-file--media-503e242e-ee9d-47ae-9c01-8adbbb11077f\">Pobierz<\/a><\/div>\n\n\n\n<div class=\"wp-block-file\"><a id=\"wp-block-file--media-45ca9bb0-7677-4343-b6f6-9b2ae9cfef66\" href=\"https:\/\/p4s.polsl.pl\/wp-content\/uploads\/2023\/04\/Zal-nr-4d-do-Reg_Proj_MVI_List-rekomendacyjny-ZISW_MBA.docx\">Zal-nr-4d-do-Reg_Proj_MVI_List-rekomendacyjny-ZISW_MBA<\/a><a href=\"https:\/\/p4s.polsl.pl\/wp-content\/uploads\/2023\/04\/Zal-nr-4d-do-Reg_Proj_MVI_List-rekomendacyjny-ZISW_MBA.docx\" class=\"wp-block-file__button wp-element-button\" download aria-describedby=\"wp-block-file--media-45ca9bb0-7677-4343-b6f6-9b2ae9cfef66\">Pobierz<\/a><\/div>\n\n\n\n<div class=\"wp-block-file\"><a id=\"wp-block-file--media-d75a351b-862d-4f57-97e7-05359d88232b\" href=\"https:\/\/p4s.polsl.pl\/wp-content\/uploads\/2023\/04\/Zal-nr-4e-do-Reg_Proj_MVI_Opis-mozliwosci-wykorzystania-nowych-kompetencji-na-stanowisku-ZISW_MBA.docx\">Zal-nr-4e-do-Reg_Proj_MVI_Opis-mozliwosci-wykorzystania-nowych-kompetencji-na-stanowisku-ZISW_MBA<\/a><a href=\"https:\/\/p4s.polsl.pl\/wp-content\/uploads\/2023\/04\/Zal-nr-4e-do-Reg_Proj_MVI_Opis-mozliwosci-wykorzystania-nowych-kompetencji-na-stanowisku-ZISW_MBA.docx\" class=\"wp-block-file__button wp-element-button\" download aria-describedby=\"wp-block-file--media-d75a351b-862d-4f57-97e7-05359d88232b\">Pobierz<\/a><\/div>\n\n\n\n<div class=\"wp-block-file\"><a id=\"wp-block-file--media-ae3ee25d-615f-43f0-8b20-70fcec0ecae7\" href=\"https:\/\/p4s.polsl.pl\/wp-content\/uploads\/2023\/04\/Zal-nr-4f-do-Reg_Proj_MVI_Przykladowy-wzor-oferty-ZISW_MBA-2.docx\">Zal-nr-4f-do-Reg_Proj_MVI_Przykladowy-wzor-oferty-ZISW_MBA-2<\/a><a href=\"https:\/\/p4s.polsl.pl\/wp-content\/uploads\/2023\/04\/Zal-nr-4f-do-Reg_Proj_MVI_Przykladowy-wzor-oferty-ZISW_MBA-2.docx\" class=\"wp-block-file__button wp-element-button\" download aria-describedby=\"wp-block-file--media-ae3ee25d-615f-43f0-8b20-70fcec0ecae7\">Pobierz<\/a><\/div>\n\n\n\n<div class=\"wp-block-file\"><a id=\"wp-block-file--media-1f0a7aa2-88ba-47af-894d-0b4a5d0580dc\" href=\"https:\/\/p4s.polsl.pl\/wp-content\/uploads\/2023\/04\/Zal-nr-4g-do-Reg_Proj_MVI_Umowa-uczestnictwa-w-projekcie-ZISW-2-1.pdf\">Zal-nr-4g-do-Reg_Proj_MVI_Umowa-uczestnictwa-w-projekcie-ZISW-2-1<\/a><a href=\"https:\/\/p4s.polsl.pl\/wp-content\/uploads\/2023\/04\/Zal-nr-4g-do-Reg_Proj_MVI_Umowa-uczestnictwa-w-projekcie-ZISW-2-1.pdf\" class=\"wp-block-file__button wp-element-button\" download aria-describedby=\"wp-block-file--media-1f0a7aa2-88ba-47af-894d-0b4a5d0580dc\">Pobierz<\/a><\/div>\n\n\n\n<div class=\"wp-block-file\"><a id=\"wp-block-file--media-5d7cda6b-dfec-4a13-be7e-cad0d60ed2dd\" href=\"https:\/\/p4s.polsl.pl\/wp-content\/uploads\/2023\/04\/Zal-nr-4h-do-Reg_Proj_MVI_Test-kompetencyjny-ZISW_MBA-2.docx\">Zal-nr-4h-do-Reg_Proj_MVI_Test-kompetencyjny-ZISW_MBA-2<\/a><a href=\"https:\/\/p4s.polsl.pl\/wp-content\/uploads\/2023\/04\/Zal-nr-4h-do-Reg_Proj_MVI_Test-kompetencyjny-ZISW_MBA-2.docx\" class=\"wp-block-file__button wp-element-button\" download aria-describedby=\"wp-block-file--media-5d7cda6b-dfec-4a13-be7e-cad0d60ed2dd\">Pobierz<\/a><\/div>\n\n\n\n<div class=\"wp-block-file\"><a id=\"wp-block-file--media-64f1c18c-d6f8-4bb0-9304-f2739d31a2f0\" href=\"https:\/\/p4s.polsl.pl\/wp-content\/uploads\/2023\/04\/Zal-nr-5-do-Reg_Proj_Deklaracja-uczestnictwa_MBA.pdf\" target=\"_blank\" rel=\"noreferrer noopener\">Zal-nr-5-do-Reg_Proj_Deklaracja-uczestnictwa_MBA<\/a><a href=\"https:\/\/p4s.polsl.pl\/wp-content\/uploads\/2023\/04\/Zal-nr-5-do-Reg_Proj_Deklaracja-uczestnictwa_MBA.pdf\" class=\"wp-block-file__button wp-element-button\" download aria-describedby=\"wp-block-file--media-64f1c18c-d6f8-4bb0-9304-f2739d31a2f0\">Pobierz<\/a><\/div>\n\n\n\n<div class=\"wp-block-file\"><a id=\"wp-block-file--media-d3fc0d39-3720-4c76-a980-3afadcc26b4f\" href=\"https:\/\/p4s.polsl.pl\/wp-content\/uploads\/2023\/04\/Zal-nr-6-do-Reg_Proj_Formularz-monitorowania-uczestnictwa_MBA.docx\">Zal-nr-6-do-Reg_Proj_Formularz-monitorowania-uczestnictwa_MBA<\/a><a href=\"https:\/\/p4s.polsl.pl\/wp-content\/uploads\/2023\/04\/Zal-nr-6-do-Reg_Proj_Formularz-monitorowania-uczestnictwa_MBA.docx\" class=\"wp-block-file__button wp-element-button\" download aria-describedby=\"wp-block-file--media-d3fc0d39-3720-4c76-a980-3afadcc26b4f\">Pobierz<\/a><\/div>\n\n\n\n<div class=\"wp-block-file\"><a id=\"wp-block-file--media-ef43c412-687c-4b78-b62c-178ad965946a\" href=\"https:\/\/p4s.polsl.pl\/wp-content\/uploads\/2023\/04\/Zal-nr-7-do-Reg_Proj_Oswiadczenie-uczestnika-projektu_MBA.pdf\">Zal-nr-7-do-Reg_Proj_Oswiadczenie-uczestnika-projektu_MBA<\/a><a href=\"https:\/\/p4s.polsl.pl\/wp-content\/uploads\/2023\/04\/Zal-nr-7-do-Reg_Proj_Oswiadczenie-uczestnika-projektu_MBA.pdf\" class=\"wp-block-file__button wp-element-button\" download aria-describedby=\"wp-block-file--media-ef43c412-687c-4b78-b62c-178ad965946a\">Pobierz<\/a><\/div>\n","protected":false},"excerpt":{"rendered":"","protected":false},"author":1,"featured_media":0,"parent":0,"menu_order":0,"comment_status":"closed","ping_status":"closed","template":"","meta":[],"_links":{"self":[{"href":"https:\/\/p4s.polsl.pl\/index.php?rest_route=\/wp\/v2\/pages\/677"}],"collection":[{"href":"https:\/\/p4s.polsl.pl\/index.php?rest_route=\/wp\/v2\/pages"}],"about":[{"href":"https:\/\/p4s.polsl.pl\/index.php?rest_route=\/wp\/v2\/types\/page"}],"author":[{"embeddable":true,"href":"https:\/\/p4s.polsl.pl\/index.php?rest_route=\/wp\/v2\/users\/1"}],"replies":[{"embeddable":true,"href":"https:\/\/p4s.polsl.pl\/index.php?rest_route=%2Fwp%2Fv2%2Fcomments&post=677"}],"version-history":[{"count":33,"href":"https:\/\/p4s.polsl.pl\/index.php?rest_route=\/wp\/v2\/pages\/677\/revisions"}],"predecessor-version":[{"id":1300,"href":"https:\/\/p4s.polsl.pl\/index.php?rest_route=\/wp\/v2\/pages\/677\/revisions\/1300"}],"wp:attachment":[{"href":"https:\/\/p4s.polsl.pl\/index.php?rest_route=%2Fwp%2Fv2%2Fmedia&parent=677"}],"curies":[{"name":"wp","href":"https:\/\/api.w.org\/{rel}","templated":true}]}}