{"id":113,"date":"2019-08-13T17:18:23","date_gmt":"2019-08-13T15:18:23","guid":{"rendered":"http:\/\/p4s.polsl.pl\/?page_id=113"},"modified":"2019-10-22T12:38:47","modified_gmt":"2019-10-22T10:38:47","slug":"szkola-doktorska-interpower","status":"publish","type":"page","link":"https:\/\/p4s.polsl.pl\/?page_id=113","title":{"rendered":"Szko\u0142a doktorska InterPOWER"},"content":{"rendered":"\n<figure class=\"wp-block-image\"><img decoding=\"async\" src=\"http:\/\/p4s.polsl.pl\/wp-content\/uploads\/2019\/08\/image-28-1024x188.png\" alt=\"Obrazek posiada pusty atrybut alt; plik o nazwie image-28-1024x188.png\"\/><\/figure>\n\n\n\n<h1><strong><span style=\"color: #000080;\">Szko\u0142a Doktor\u00f3w<\/span><\/strong><\/h1>\n<p><strong>Rozpocz\u0119cie projektu 01.07.2019.<\/strong><\/p>\n<p style=\"text-align: justify;\">Realizacja nowego programu kszta\u0142cenia dla nowego naboru student\u00f3w szko\u0142y doktorskiej od 01.10.2019.<\/p>\n<p>Nowy program obejmuje 7 semestr\u00f3w:<\/p>\n<ul>\n<li>2019\/2020;<\/li>\n<li>\u00a02020\/2021;<\/li>\n<li style=\"text-align: justify;\">2021\/2022;<\/li>\n<li style=\"text-align: justify;\">sem. zimowy\u00a0 w roku akademickim 2022\/2023.<\/li>\n<\/ul>\n<p style=\"text-align: justify;\"><strong><span style=\"color: #ff6600;\">Nowy program szko\u0142y doktorskiej jest profilem akademickim, interdyscyplinarnym, o zasi\u0119gu mi\u0119dzynarodowym, prowadzony w ramach Szko\u0142y Doktor\u00f3w.<\/span><\/strong><\/p>\n<p style=\"text-align: justify;\"><strong>Oferta studi\u00f3w doktoranckich skierowana b\u0119dzie do 20 doktorant\u00f3w w 6 wybranych dyscyplinach Naukowych:<\/strong><\/p>\n<ul style=\"text-align: justify;\">\n<li>Automatyka, elektronika i elektrotechnika;<\/li>\n<li>Informatyka techniczna i telekomunikacja;<\/li>\n<li>In\u017cynieria biomedyczna;<\/li>\n<li>In\u017cynieria \u015brodowiska,<\/li>\n<li>g\u00f3rnictwo i energetyka;<\/li>\n<li>In\u017cynieria l\u0105dowa i transport;<\/li>\n<li>In\u017cynieria materia\u0142owa<\/li>\n<\/ul>\n<p><em>(klasyfikacja wg. 2018 roku).<\/em><\/p>\n<p style=\"text-align: justify;\">Rekrutacja b\u0119dzie mia\u0142a charakter konkursowy, b\u0119dzie prowadzona w formie elektronicznej zgodnie z harmonogramem rekrutacji na studia. W pierwszej kolejno\u015bci przeprowadzona zostanie ocena formalna z\u0142o\u017conych dokument\u00f3w oraz sprawdzenie kryteri\u00f3w progowych:<\/p>\n<ul style=\"text-align: justify;\">\n<li>Ocena z przebiegu studi\u00f3w II stopnia lub jednolitych studi\u00f3w magisterskich nie ni\u017csza ni\u017c 4,00;<\/li>\n<li>Znajomo\u015b\u0107 j. ang. na poziomie co najmniej B2 (preferowany C1).<\/li>\n<\/ul>\n<p style=\"text-align: justify;\">Dodatkowe punkty uzyska\u0107 b\u0119d\u0105 mogli kandydaci za udokumentowane dzia\u0142ania naukowe (do 70 pkt) oraz w wyniku rozmowy kwalifikacyjnej (do 30 pkt).<\/p>\n<p style=\"text-align: justify;\">Program 7 sem. przewiduje og\u00f3\u0142em 240h (34 ECTS) zaj\u0119\u0107 przedmiot\u00f3w podstawowych (specjalistycznych), 60h (7 ECTS) przedmiot\u00f3w wsp\u00f3lnych, prowadzonych przez wyk\u0142adowc\u00f3w z zagranicy oraz 90h (4 ECTS) praktyki zawodowej dla ka\u017cdego doktoranta. <br \/>W ramach programu szko\u0142y doktorskiej doktorant wybiera przedmioty podstawowe w ramach co najmniej 2 dyscyplin na \u0142\u0105czn\u0105 liczb\u0119 240h i 34 ECTS.<\/p>\n<p style=\"text-align: justify;\"><span style=\"color: #ff6600;\"><strong>Dodatkowo:<\/strong><\/span><\/p>\n<ul>\n<li style=\"text-align: justify;\">2 wyjazdy na konferencje naukowe;<\/li>\n<li style=\"text-align: justify;\">Doktoraty publikowane przez wydawnictwo jako monografia;<\/li>\n<li style=\"text-align: justify;\">Korekty j\u0119zykowe publikacji\/doktoratu;<\/li>\n<li style=\"text-align: justify;\">Bud\u017cet na materia\u0142y konferencyjne, publikacyjne;<\/li>\n<li style=\"text-align: justify;\">Stypendia naukowe wspieraj\u0105ce finansowo dzia\u0142ania zwi\u0105zane z doktoratem.<\/li>\n<\/ul>\n\n\n\n<div class=\"wp-block-file\"><a href=\"http:\/\/p4s.polsl.pl\/wp-content\/uploads\/2019\/10\/INTERPOWER_info-1.pdf\">INTERPOWER infoormacje<\/a><a href=\"http:\/\/p4s.polsl.pl\/wp-content\/uploads\/2019\/10\/INTERPOWER_info-1.pdf\" class=\"wp-block-file__button\" download>Pobierz<\/a><\/div>\n\n\n\n<p><\/p>\n\n\n\n<figure class=\"wp-block-image\"><img decoding=\"async\" src=\"http:\/\/p4s.polsl.pl\/wp-content\/uploads\/2019\/08\/image-29-1024x195.png\" alt=\"Obrazek posiada pusty atrybut alt; plik o nazwie image-29-1024x195.png\"\/><\/figure>\n","protected":false},"excerpt":{"rendered":"<p>Szko\u0142a Doktor\u00f3w Rozpocz\u0119cie projektu 01.07.2019. Realizacja nowego programu kszta\u0142cenia dla nowego naboru student\u00f3w szko\u0142y doktorskiej od 01.10.2019. Nowy program obejmuje 7 semestr\u00f3w: 2019\/2020; \u00a02020\/2021; 2021\/2022; sem. zimowy\u00a0 w roku akademickim 2022\/2023. Nowy program szko\u0142y doktorskiej jest profilem akademickim, interdyscyplinarnym, o &hellip; <a href=\"https:\/\/p4s.polsl.pl\/?page_id=113\">Czytaj dalej <span class=\"meta-nav\">&rarr;<\/span><\/a><\/p>\n","protected":false},"author":1,"featured_media":0,"parent":0,"menu_order":0,"comment_status":"closed","ping_status":"closed","template":"","meta":[],"_links":{"self":[{"href":"https:\/\/p4s.polsl.pl\/index.php?rest_route=\/wp\/v2\/pages\/113"}],"collection":[{"href":"https:\/\/p4s.polsl.pl\/index.php?rest_route=\/wp\/v2\/pages"}],"about":[{"href":"https:\/\/p4s.polsl.pl\/index.php?rest_route=\/wp\/v2\/types\/page"}],"author":[{"embeddable":true,"href":"https:\/\/p4s.polsl.pl\/index.php?rest_route=\/wp\/v2\/users\/1"}],"replies":[{"embeddable":true,"href":"https:\/\/p4s.polsl.pl\/index.php?rest_route=%2Fwp%2Fv2%2Fcomments&post=113"}],"version-history":[{"count":6,"href":"https:\/\/p4s.polsl.pl\/index.php?rest_route=\/wp\/v2\/pages\/113\/revisions"}],"predecessor-version":[{"id":612,"href":"https:\/\/p4s.polsl.pl\/index.php?rest_route=\/wp\/v2\/pages\/113\/revisions\/612"}],"wp:attachment":[{"href":"https:\/\/p4s.polsl.pl\/index.php?rest_route=%2Fwp%2Fv2%2Fmedia&parent=113"}],"curies":[{"name":"wp","href":"https:\/\/api.w.org\/{rel}","templated":true}]}}